 203281.
159
What is the remainder when 38148 is divided by 263?
13
Calculate the remainder when 729912 is divided by 182440.
152
What is the remainder when 10571446 is divided by 97?
95
What is the remainder when 24145909 is divided by 3188?
3185
Calculate the remainder when 21221473 is divided by 134313.
19
What is the remainder when 21662 is divided by 702?
602
What is the remainder when 667191 is divided by 31?
9
Calculate the remainder when 3182454 is divided by 354.
348
Calculate the remainder when 5731919 is divided by 2865956.
7
Calculate the remainder when 7419727 is divided by 168630.
7
What is the remainder when 6270841 is divided by 522570?
1
What is the remainder when 3630933 is divided by 6637?
494
Calculate the remainder when 21574102 is divided by 1795.
1792
What is the remainder when 5760088 is divided by 29?
21
Calculate the remainder when 1620083 is divided by 194.
183
Calculate the remainder when 3880039 is divided by 807.
790
Calculate the remainder when 318895 is divided by 433.
207
Calculate the remainder when 38354 is divided by 33.
8
What is the remainder when 7289432 is divided by 235142?
30
What is the remainder when 48418042 is divided by 356015?
2
Calculate the remainder when 24205339 is divided by 154174.
21
Calculate the remainder when 1738428 is divided by 709.
669
What is the remainder when 130634 is divided by 1747?
1356
Calculate the remainder when 124610 is divided by 20764.
26
Calculate the remainder when 40633785 is divided by 1214.
1205
What is the remainder when 1992495 is divided by 32136?
63
What is the remainder when 217584 is divided by 71051?
4431
What is the remainder when 2867111 is divided by 25150?
11
What is the remainder when 1073376 is divided by 220?
216
Calculate the remainder when 2381455 is divided by 39.
37
What is the remainder when 108693 is divided by 971?
912
What is the remainder when 246161 is divided by 24?
17
What is the remainder when 4514109 is divided by 5664?
5565
What is the remainder when 461127 is divided by 7?
2
Calculate the remainder when 2759809 is divided by 4.
1
What is the remainder when 1798819 is divided by 4051?
175
Calculate the remainder when 1036115615 is divided by 2299.
2295
What is the remainder when 8954058 is divided by 3024?
3018
Calculate the remainder when 58368955 is divided by 960.
955
What is the remainder when 54463298 is divided by 2917?
2908
Calculate the remainder when 40448977 is divided by 10.
7
What is the remainder when 106168 is divided by 89?
80
Calculate the remainder when 273212 is divided by 30336.
188
Calculate the remainder when 11035458 is divided by 1379432.
2
What is the remainder when 17737 is divided by 2879?
463
Calculate the remainder when 2688618 is divided by 396.
174
Calculate the remainder when 914369 is divided by 65.
14
What is the remainder when 40649546 is divided by 926?
924
Calculate the remainder when 522862 is divided by 2244.
10
Calculate the remainder when 19769471 is divided by 576.
575
What is the remainder when 14706 is divided by 12390?
2316
What is the remainder when 62920 is divided by 922?
224
Calculate the remainder when 28364766 is divided by 4933.
16
What is the remainder when 28831 is divided by 4263?
3253
Calculate the remainder when 4004239 is divided by 1001051.
35
Calculate the remainder when 113510 is divided by 1530.
290
Calculate the remainder when 14121 is divided by 925.
246
What is the remainder when 544481 is divided by 55?
36
What is the remainder when 20241686 is divided by 5971?
5967
Calculate the remainder when 409502 is divided by 31499.
15
Calculate the remainder when 12859 is divided by 151.
24
Calculate the remainder when 675143 is divided by 2001.
806
Calculate the remainder when 156695 is divided by 3496.
2871
Calculate the remainder when 168655 is divided by 9365.
85
What is the remainder when 15011313 is divided by 161?
156
What is the remainder when 2325621 is divided by 232561?
11
What is the remainder when 850440 is divided by 368?
360
Calculate the remainder when 18812979 is divided by 3135481.
93
Calculate the remainder when 9737002 is divided by 1947386.
72
What is the remainder when 20069 is divided by 19386?
683
What is the remainder when 2614955 is divided by 12?
11
Calculate the remainder when 337296 is divided by 2462.
2
Calculate the remainder when 760435 is divided by 132.
115
What is the remainder when 2305247 is divided by 64?
31
Calculate the remainder when 2280096 is divided by 76.
20
Calculate the remainder when 1344495 is divided by 424.
415
Calculate the remainder when 8901395 is divided by 157.
123
What is the remainder when 1819180 is divided by 3574?
14
Calculate the remainder when 24220843 is divided by 1594.
13
What is the remainder when 100483 is divided by 1969?
64
Calculate the remainder when 70024097 is divided by 70024087.
10
What is the remainder when 820700 is divided by 204303?
3488
What is the remainder when 2718570 is divided by 407?
217
What is the remainder when 8790791 is divided by 45?
41
What is the remainder when 97917 is divided by 30514?
6375
What is the remainder when 3653139 is divided by 21239?
31
Calculate the remainder when 57074147 is divided by 2487.
2471
What is the remainder when 142213 is divided by 23161?
3247
Calculate the remainder when 850853 is divided by 170124.
233
Calculate the remainder when 27537001 is divided by 243690.
31
Calculate the remainder when 19428 is divided by 6308.
504
Calculate the remainder when 1983797 is divided by 152.
45
What is the remainder when 58714 is divided by 53690?
5024
Calculate the remainder when 2420263 is divided by 403351.
157
Calculate the remainder when 401032 is divided by 1208.
1184
Calculate the remainder when 3384 is divided by 404.
152
What is the remainder when 129262 is divided by 208?
94
Calculate the remainder when 846720 is divided by 7768.
8
What is the remainder when 2344583 is divided by 90174?
59
What is the remainder when 554470 is divided by 1429?
18
Calculate the remainder when 1092759 is divided by 19513.
31
What is the remainder when 12671734 is divided by 232?
126
What is the remainder when 270640 is divided by 389?
285
What is the remainder when 133528 is divided by 26579?
633
What is the remainder when 2294084 is divided by 699?
665
Calculate the remainder when 1934980 is divided by 386993.
15
Calculate the remainder when 7040383 is divided by 19.
9
Calculate the remainder when 100186 is divided by 31890.
4516
Calculate the remainder when 23268849 is divided by 18.
15
Calculate the remainder when 82346 is divided by 27291.
473
What is the remainder when 237657 is divided by 115?
67
Calculate the remainder when 4121014 is divided by 2060437.
140
Calculate the remainder when 67303 is divided by 10878.
2035
What is the remainder when 25683711 is divided by 987834?
27
Calculate the remainder when 100150 is divided by 231.
127
What is the remainder when 11226104 is divided by 495?
494
Calculate the remainder when 443657 is divided by 1101.
1055
Calculate the remainder when 54386 is divided by 3350.
786
What is the remainder when 514702 is divided by 2511?
2458
Calculate the remainder when 209891 is divided by 109.
66
What is the remainder when 126366 is divided by 41789?
999
What is the remainder when 65783 is divided by 64170?
1613
What is the remainder when 14749692 is divided by 5053?
5038
What is the remainder when 191773 is divided by 31235?
4363
What is the remainder when 69885 is divided by 5371?
62
What is the remainder when 36273 is divided by 1344?
1329
What is the remainder when 9351 is divided by 52?
43
What is the remainder when 79927 is divided by 2919?
1114
Calculate the remainder when 35163726 is divided by 217060.
6
Calculate the remainder when 63787513 is divided by 49.
48
Calculate the remainder when 117145 is divided by 150.
145
Calculate the remainder when 191364380 is divided by 189.
179
What is the remainder when 966929 is divided by 221?
54
Calculate the remainder when 2324521 is divided by 464904.
1
Calculate the remainder when 34220770 is divided by 2444339.
24
Calculate the remainder when 1484929 is divided by 1002.
967
Calculate the remainder when 1317036 is divided by 658388.
260
What is the remainder when 865416 is divided by 18412?
